-3*t + 98 = 2*b. Calculate the remainder when b is divided by c.
10
Let y be (13/(-3))/((-2)/(-126)). What is the remainder when y/(-4) + (-3)/(-4) is divided by 18?
15
Let i be -1*(2 - (6 - 2)). Suppose -6 = 3*w, -4*m + 3*m + i*w + 40 = 0. Suppose -3*f + m = f. Calculate the remainder when 16 is divided by f.
7
Let q(h) = -2*h + 4. Suppose -2*z + z - 1 = -2*a, -5*a + 3*z + 5 = 0. Let u = a - 2. What is the remainder when q(u) is divided by 7?
5
What is the remainder when (2 + -1 + 2)*3 is divided by 4?
1
Calculate the remainder when 15 is divided by (-6)/8*(-2 + -10).
6
Suppose 2*d = 5 + 5. Suppose 2*w + 9 + 59 = 4*p, 0 = -p + 3*w + 17. Calculate the remainder when p is divided by d.
2
Let o(n) = n + 14. Let b(y) = y + 1. Let i(c) = -2*c - 5. Let a(q) = -12*b(q) - 3*i(q). Let m be a(2). What is the remainder when 19 is divided by o(m)?
4
Let z be (-1)/(12/(-27))*-4. Let a = -4 - z. Suppose 0 = w + w + 8, -3*u - a*w + 7 = 0. Calculate the remainder when 17 is divided by u.
8
What is the remainder when 1/2 - 85/(-10) is divided by 1/(-2*(-1)/14)?
2
Suppose -2*f + 15 = 7. What is the remainder when (-1 - f)/(2/(-8)) is divided by 7?
6
Let t be 0/4 + 0/1. Suppose -4*o = -t*o. Suppose -3*d + 0*d + 57 = o. What is the remainder when 74 is divided by d?
17
Let h = 10 - -17. Calculate the remainder when h is divided by -274*(-2)/36 + (-36)/162.
12
Let a(k) = 24*k - 27. What is the remainder when a(5) is divided by 48?
45
Suppose -4*u + 12 = -0*u. Suppose u*v = 3*o + o - 67, v = 3*o - 44. What is the remainder when o is divided by 5?
3
Suppose 2*o - d = 28, 0 = -d + 2 + 2. Suppose 5*z = 4*i - 13, -5*i + 6 = 2*z - 2. What is the remainder when o is divided by (2*z)/((-2)/9)?
7
Let h be (-6)/(-14) - (-102)/7. Let l be (-10)/h*(-1 - 35). What is the remainder when (3/(-2))/(l/(-704)) is divided by 15?
14
Suppose c - 220 = -4*c. Calculate the remainder when c is divided by 15.
14
Suppose -6*x = -1310 + 386. What is the remainder when x is divided by 26?
24
Let v(i) = -i - 5. Let s be v(-3). What is the remainder when 15 is divided by 3 - 1*6/s?
3
Suppose 0*q + 211 = 3*q + 2*l, -l = -5. What is the remainder when q is divided by 23?
21
Let z(p) = p**2 + 4*p - 2. Calculate the remainder when 19 is divided by z(-6).
9
Let j(w) be the first derivative of -w**3/3 + 9*w**2/2 + 7*w + 2. Calculate the remainder when j(7) is divided by 11.
10
Let u be (-3 + 3)*(2 - 1). Suppose -5*j = -u*j - 2*r - 148, -4*r + 34 = j. What is the remainder when j is divided by 11?
8
Let q(k) = 5*k**2 - 6*k + 13. Let l(w) = -4*w**2 + 6*w - 12. Let o(h) = -4*l(h) - 3*q(h). Calculate the remainder when 16 is divided by o(6).
7
Let g(v) = 29*v. What is the remainder when 137 is divided by g(1)?
21
What is the remainder when 28/3*6/4 is divided by 3?
2
Suppose c - 30 = -2*c. Calculate the remainder when c is divided by (-5 + 51/15)/((-4)/10).
2
Let b(j) = 5*j - 1. Let v be (-25)/(-4) + 12/(-48). What is the remainder when 84 is divided by b(v)?
26
Let v be ((-12)/(-8))/((-1)/(-18)). Let l = -2 + v. Calculate the remainder when l is divided by 15.
10
Suppose -2*z = -2*g - 2, 3*g + 0*z + z = 9. What is the remainder when 46 is divided by (1/g)/((-7)/(-224))?
14
Calculate the remainder when 5 is divided by (25/75)/(1/9).
2
Let l be ((-1)/((-3)/18))/(-1). Let w be 2 + -1 - (l - -5). Suppose 0*m + 78 = w*m. Calculate the remainder when m is divided by 14.
11
Let m(c) = 8*c**3 + 3*c**2 - 1. Calculate the remainder when 19 is divided by m(1).
9
Suppose -645 - 666 = -19*v. What is the remainder when v is divided by 9?
6
Suppose 4*s + 2*g = 116, -4*s - 5*g + 112 = -g. What is the remainder when 118 is divided by s?
28
Let h(g) = -g**2 + 4*g + 7. Let f be h(5). What is the remainder when 86*(1 - 1/f) is divided by 15?
13
Suppose -3*f - l = -2*f - 5, -4 = -2*f + l. Suppose 8 = f*j - 103. What is the remainder when j is divided by 19?
18
Let z be ((-7)/1)/((-5)/(-25)). What is the remainder when (z/(-4))/(1/4) is divided by 9?
8
What is the remainder when 61 is divided by 290/14 + (115/35 - 3)?
19
Calculate the remainder when ((-16)/14)/4 + 4315/35 is divided by 25.
23
Let h be (3 - (1 - -2))/(-1). Suppose 4*m - 1 + 75 = 3*p, -2*p + 5*m + 47 = h. What is the remainder when p is divided by 9?
8
Let m(t) = t**3 + 5*t**2 - 8*t + 4. Let q be m(-6). Suppose 4*y - 84 + q = 0. Calculate the remainder when 65 is divided by y.
14
Let y = -61 - -101. What is the remainder when y is divided by 22?
18
Suppose 58 = 2*v + 2*p, -4*p - 132 = -3*v - v. Calculate the remainder when v is divided by 8.
7
Let v = 0 + 1. Let d = 13 - 8. Suppose -d*i + 2 = -8. What is the remainder when i is divided by v?
0
Calculate the remainder when 20 is divided by (-1)/3 - 37/(-3).
8
Suppose 4*b - 3*k = 47, -4*b + 57 = -b + 5*k. Let s(f) = f**3 + f**2 + 26. Let r be -2 - (-4 + 1 + 1). Calculate the remainder when s(r) is divided by b.
12
Suppose -5*i - 5*u - 14 = -34, -4*i - 5*u = -11. Calculate the remainder when i is divided by 5.
4
Suppose 5*p + 4*g - 32 = 0, 9*p - 4*p = -g + 23. Suppose p*x - 130 = 42. Suppose -x = -4*u - 3. Calculate the remainder when 38 is divided by u.
8
Suppose 2*b = -4*q + 80, -3*b - 5 + 35 = q. Let j be (-230)/(-6) + (-6)/q. Suppose 5*m - j = 42. What is the remainder when 46 is divided by m?
14
Let x(g) = -g**2 + 7*g + 1. Let k be 132/28 + (-2)/(-7). What is the remainder when 31 is divided by x(k)?
9
Let h(s) = -10*s - 3. Let q be h(-2). Suppose -4*i + 3*i + q = 0. Calculate the remainder when i is divided by 9.
8
Let d(r) = -r - 1 - 5 + 5. Let m be d(-1). Suppose 2*f + 1 = -a + 16, 5*a - 3*f - 62 = m. What is the remainder when a is divided by 7?
6
Let u = -22 + 36. Let f(n) = 2*n**2 + 2*n. Let g be f(-2). Suppose -3*x + 53 = g*k + u, 13 = x - 4*k. What is the remainder when 38 is divided by x?
12
Let i = -81 - -127. Let u = i - 33. Calculate the remainder when 37 is divided by u.
11
Calculate the remainder when 85 is divided by ((-7)/(-21))/((-1)/(-45)).
10
Suppose 4*i - 2*r - 30 = 0, -7*r + 8*r = -5*i + 34. Let p = -14 + 26. What is the remainder when p is divided by i?
5
Suppose 2*h + 6 = -0*h + 3*i, -4*i = -5*h - 15. Let x = h - -5. Suppose -3*d - x*m + 133 = 36, m - 164 = -5*d. Calculate the remainder when d is divided by 12.
9
Suppose 3*y = -15, c - 2*y = -0*c + 2. Calculate the remainder when 2 - 28/c*2 is divided by ((-12)/(-10))/(6/20).
1
Let w = 190 + -118. Suppose -53 - w = -5*v. Calculate the remainder when 49 is divided by v.
24
Let k(o) = o**2 + 3*o + 4. Let x be k(-3). Suppose -35 = -9*i + x*i. Let t(y) = y**2 - y + 1. Calculate the remainder when t(-3) is divided by i.
6
Let c(u) = 4*u**2 - 41*u - 11. Calculate the remainder when c(11) is divided by 8.
6
Let b(m) = -3*m + 3. Let t = 5 + 0. Let y be b(t). Calculate the remainder when ((-88)/6)/(4/y) is divided by 23.
21
What is the remainder when (-6)/(-2) + (5 - 7 - -42) is divided by 15?
13
Suppose 0 = 4*g - s + 6*s + 136, 0 = g + s + 35. Let w = -14 - g. Calculate the remainder when w is divided by 3/1 - 0 - -10.
12
Suppose 16 = 2*f + k, -5*k + 28 - 2 = 4*f. Let h = f + -7. Calculate the remainder when 3 is divided by h.
1
Suppose 26 = 5*o - x, -3*o + 22 = 4*x - 3*x. What is the remainder when 9 is divided by o?
3
Let k(a) = 38*a + 2. What is the remainder when k(2) is divided by 27?
24
Let j = 70 + -45. Suppose j = -0*d + d. What is the remainder when d is divided by 9?
7
Let m = -2 + 5. Suppose -3 - m = -n. Suppose -24 = 2*j - n*j. What is the remainder when 17 is divided by j?
5
Let y = 10 - 8. Suppose 6 = 3*d - 3*v, 3*d - y*v - 11 = -3. Calculate the remainder when 7 is divided by d.
3
Suppose -5*j = -0*f - 3*f + 106, -17 = -f - 2*j. Calculate the remainder when f is divided by 6.
3
Let z = 18 + -15. Suppose 5*a = -2*r + z*r + 16, -12 = -4*a + r. Calculate the remainder when a is divided by 4.
0
Suppose 0*q = -4*q + 80. Calculate the remainder when q is divided by 11.
9
Let m = 1 - -2. Let i = -14 + 20. Suppose -i + m = -s. What is the remainder when 4 is divided by s?
1
Suppose 15*o - 424 = 7*o. Calculate the remainder when o is divided by 28.
25
Suppose 5 = b + 2. Suppose z - 3*v - 34 = 0, 0 = -z + 3*z - b*v - 62. Calculate the remainder when z is divided by 8.
4
What is the remainder when 50 is divided by (2 + -7*8)*4/(-12)